{"id":35,"date":"2013-02-07T17:13:38","date_gmt":"2013-02-07T16:13:38","guid":{"rendered":"http:\/\/www.clrp93.fr\/?page_id=35"},"modified":"2025-08-04T16:13:42","modified_gmt":"2025-08-04T15:13:42","slug":"contact","status":"publish","type":"page","link":"https:\/\/www.clrp93.fr\/?page_id=35","title":{"rendered":"Contact"},"content":{"rendered":"<h2><span style=\"text-decoration: underline;\">Administration du club\u00a0:<\/span><\/h2>\n<p><strong>CLRP<\/strong><br \/>\n213 bis Bd \u00c9douard Vaillant &#8211; 93190 Livry-Gargan<\/p>\n<p>La pr\u00e9sidente :\u00a0<strong>Chantal Dubois<\/strong><br \/>\nT\u00e9l.: 06 63 43 70 00<br \/>\n<a title=\"\u00e9crire \u00e0 Chantal Dubois\" href=\"mailto:chantaldubois0@gmail.com\">chantaldubois0@gmail.com<\/a><\/p>\n<p>La vice-pr\u00e9sidente :\u00a0<strong>Anne-Marie Langlois<\/strong><br \/>\nT\u00e9l.: 01 43 51 15 89<br \/>\n<a title=\"\u00e9crire \u00e0 Anne-Marie Langlois\" href=\"mailto:langlois.annemarie@clrp93.fr\">langlois.annemarie@clrp93.fr<\/a><\/p>\n<p>La tr\u00e9sori\u00e8re :\u00a0<strong>Fran\u00e7oise Laville<\/strong><br \/>\nT\u00e9l.: 01 43 02 01 97<br \/>\n<a title=\"\u00e9crire \u00e0 Fran\u00e7oise Laville\" href=\"mailto:francoise.laville@clrp93.fr\">francoise.laville@clrp93.fr<\/a><\/p>\n<p>La secr\u00e9taire :\u00a0<strong>Fran\u00e7oise Jacquemin<\/strong><br \/>\nT\u00e9l.: 06 03 95 25 06<br \/>\n<a title=\"\u00e9crire \u00e0 Francoise Jacquemin\" href=\"mailto:jacqueminfrancoise@clrp93.fr\">jacqueminfrancoise@clrp93.fr<\/a><\/p>\n<p>L&rsquo;administrateur : <strong>Pascal Mathieu<\/strong><br \/>\nT\u00e9l.: 06 47 48 29 33<br \/>\n<a href=\"mailto:pascalmathieu027@gmail.com\">pascalmathieu027@gmail.com<\/a><\/p>\n<p>Immatriculation tourisme : <strong>Catherine Fassetta<\/strong><br \/>\nT\u00e9l.: 06 07 40 52 59<br \/>\n<a title=\"\u00e9crire \u00e0 Francoise Jacquemin\" href=\"mailto:catherine.fassetta@orange.fr\">catherine.fassetta@orange.fr<\/a><\/p>\n<p class=\"p1\">Administrateur &amp; Animateur :\u00a0<b>DAHOU Sylvie<br \/>\n<\/b>T\u00e9l.: 06 28 33 10 04<br \/>\n<a href=\"mailto:dahousylvie@gmail.com\">dahousylvie@gmail.com<\/a><\/p>\n<p>Animation commune :\u00a0<strong>Fran\u00e7oise Giudici<\/strong><br \/>\nT\u00e9l.: 07 68 86 17 87<br \/>\n<a title=\"\u00e9crire \u00e0 Francoise Jacquemin\" href=\"mailto:francoise.guidici@free.fr\">francoise.guidici@free.fr<\/a><\/p>\n<p>Administrateur &amp; Animateur : <strong>ROUILLON Josiane<\/strong><br \/>\nT\u00e9l. : 06 60 77 90 58<br \/>\n<a href=\"mailto:jpr54.rando@gmail.com\">jpr54.rando@gmail.com<\/a><\/p>\n<p>Administrateur &amp; Animateur : <strong>ROUILLON Patrick<\/strong><br \/>\nT\u00e9l. : 06 46 02 13 47<br \/>\n<a href=\"mailto:jpr54.rando@gmail.com\">jpr54.rando@gmail.com<\/a><\/p>\n<h2><span style=\"text-decoration: underline;\">Vos liens pr\u00e9f\u00e9r\u00e9s :<\/span><\/h2>\n<p><strong>Livry Gargan<\/strong><br \/>\n<a title=\"Site de la ville de Livry-Gargan\" href=\"http:\/\/www.livry-gargan.fr\/\" target=\"_blank\" rel=\"noopener noreferrer\">http:\/\/www.livry-gargan.fr\/<\/a><\/p>\n<p><strong>La FFRP<\/strong><br \/>\n<a title=\"Site de la F\u00e9d\u00e9ration Fran\u00e7aise de Randonn\u00e9e\" href=\"http:\/\/www.ffrandonnee.fr\/\" target=\"_blank\" rel=\"noopener noreferrer\">http:\/\/www.ffrandonnee.fr\/<\/a><\/p>\n<p><strong>Le Comit\u00e9 D\u00e9partemental<\/strong><br \/>\n<a title=\"Site du Comit\u00e9 D\u00e9partemental de Randonn\u00e9e\" href=\"http:\/\/www.randopedestre93.fr\/randopedestre93\" target=\"_blank\" rel=\"noopener noreferrer\">http:\/\/www.randopedestre93.fr\/randopedestre93<\/a><\/p>\n<p><strong>Le Comit\u00e9 R\u00e9gional<\/strong><br \/>\n<a title=\"Site du Comit\u00e9 R\u00e9gional de Randonn\u00e9e\" href=\"http:\/\/idf.ffrandonnee.fr\" target=\"_blank\" rel=\"noopener noreferrer\">http:\/\/idf.ffrandonnee.fr<\/a><\/p>\n<p><strong>A la d\u00e9couverte de la Seine saint Denis<\/strong><br \/>\n<a title=\"D\u00e9couvrir la Seine-Saint-Denis\" href=\"http:\/\/www.tourisme93.com\/\" target=\"_blank\" rel=\"noopener noreferrer\">http:\/\/www.tourisme93.com\/<\/a><\/p>\n<p><strong>Les Parcs en Seine saint Denis<\/strong><br \/>\n<a title=\"Les parcs de Seine-Saint-Denis\" href=\"http:\/\/parcsinfo.seine-saint-denis.fr\" target=\"_blank\" rel=\"noopener noreferrer\">http:\/\/parcsinfo.seine-saint-denis.fr<\/a><\/p>\n","protected":false},"excerpt":{"rendered":"<p>Administration du club\u00a0: CLRP 213 bis Bd \u00c9douard Vaillant &#8211; 93190 Livry-Gargan La pr\u00e9sidente :\u00a0Chantal Dubois T\u00e9l.: 06 63 43 70 00 chantaldubois0@gmail.com La vice-pr\u00e9sidente :\u00a0Anne-Marie Langlois T\u00e9l.: 01 43 51 15 89 langlois.annemarie@clrp93.fr La tr\u00e9sori\u00e8re :\u00a0Fran\u00e7oise Laville T\u00e9l.: 01 &hellip; <a href=\"https:\/\/www.clrp93.fr\/?page_id=35\">Continuer la lecture <span class=\"meta-nav\">&rarr;<\/span><\/a><\/p>\n","protected":false},"author":1,"featured_media":0,"parent":0,"menu_order":5,"comment_status":"closed","ping_status":"closed","template":"sidebar-page.php","meta":{"footnotes":""},"class_list":["post-35","page","type-page","status-publish","hentry"],"_links":{"self":[{"href":"https:\/\/www.clrp93.fr\/index.php?rest_route=\/wp\/v2\/pages\/35","targetHints":{"allow":["GET"]}}],"collection":[{"href":"https:\/\/www.clrp93.fr\/index.php?rest_route=\/wp\/v2\/pages"}],"about":[{"href":"https:\/\/www.clrp93.fr\/index.php?rest_route=\/wp\/v2\/types\/page"}],"author":[{"embeddable":true,"href":"https:\/\/www.clrp93.fr\/index.php?rest_route=\/wp\/v2\/users\/1"}],"replies":[{"embeddable":true,"href":"https:\/\/www.clrp93.fr\/index.php?rest_route=%2Fwp%2Fv2%2Fcomments&post=35"}],"version-history":[{"count":23,"href":"https:\/\/www.clrp93.fr\/index.php?rest_route=\/wp\/v2\/pages\/35\/revisions"}],"predecessor-version":[{"id":5643,"href":"https:\/\/www.clrp93.fr\/index.php?rest_route=\/wp\/v2\/pages\/35\/revisions\/5643"}],"wp:attachment":[{"href":"https:\/\/www.clrp93.fr\/index.php?rest_route=%2Fwp%2Fv2%2Fmedia&parent=35"}],"curies":[{"name":"wp","href":"https:\/\/api.w.org\/{rel}","templated":true}]}}