{"id":3736,"date":"2016-06-16T17:10:44","date_gmt":"2016-06-16T16:10:44","guid":{"rendered":"http:\/\/www.clrp93.fr\/?page_id=3736"},"modified":"2026-01-27T10:33:48","modified_gmt":"2026-01-27T09:33:48","slug":"informations","status":"publish","type":"page","link":"https:\/\/www.clrp93.fr\/?page_id=3736","title":{"rendered":"Informations"},"content":{"rendered":"<h1 style=\"text-align: center;\"><strong>Bienvenue sur le Site du Club Livryen de Randonn\u00e9e P\u00e9destre\u00a0<\/strong><\/h1>\n<h1 style=\"text-align: center;\">de \u00a0\u00a0<span style=\"text-decoration: underline; color: #0000ff;\"><a style=\"color: #0000ff; text-decoration: underline;\" title=\"Livry-Gargan\" href=\"http:\/\/fr.wikipedia.org\/wiki\/Livry-Gargan\" target=\"_blank\" rel=\"noopener noreferrer\">Livry-Gargan<\/a><\/span><\/h1>\n<h1 style=\"text-align: center;\"><\/h1>\n<h1 style=\"text-align: center;\"><a href=\"https:\/\/www.clrp93.fr\/wp-content\/uploads\/2013\/02\/LOGO-CLRP-petit.png\"><img loading=\"lazy\" decoding=\"async\" src=\"https:\/\/www.clrp93.fr\/wp-content\/uploads\/2013\/02\/LOGO-CLRP-petit.png\" alt=\"LOGO-CLRP-petit\" width=\"150\" height=\"149\" \/><\/a><\/h1>\n<div>\n<p style=\"text-align: center;\"><strong>N\u00b0 2011<\/strong><\/p>\n<p style=\"text-align: center;\"><strong>CLRP, 213 bis Bd \u00c9douard Vaillant 93190 Livry-Gargan<\/strong><\/p>\n<p style=\"text-align: center;\">Suivre le lien pour une br\u00e8ve pr\u00e9sentation du : \u00ab<strong>\u00a0<span style=\"text-decoration: underline;\"><span style=\"color: #0000ff; text-decoration: underline;\"><a style=\"color: #0000ff; text-decoration: underline;\" title=\"Plaquette du CLRP\" href=\"https:\/\/www.clrp93.fr\/a_telecharger\/Depliant2.pdf\" target=\"_blank\" rel=\"noopener noreferrer\">CLRP93<\/a><\/span><\/span><\/strong>\u00a0\u00bb<\/p>\n<p style=\"text-align: center;\">Vade-mecum :\u00a0<span style=\"text-decoration: underline; color: #0000ff;\"><strong><a style=\"color: #0000ff; text-decoration: underline;\" href=\"https:\/\/www.clrp93.fr\/wp-content\/uploads\/2015\/02\/2015_02_10_Pour-bien-randonner.png\" target=\"_blank\" rel=\"noopener noreferrer\">Pour bien randonner<\/a><\/strong><\/span><\/p>\n<div style=\"text-align: center;\"><strong>Association : <span style=\"color: #0000ff;\"><a style=\"color: #0000ff;\" href=\"http:\/\/www.sorties-rando.fr\/\" target=\"_blank\" rel=\"noopener noreferrer\">http:\/\/www.sorties-rando.fr\/<\/a><\/span><\/strong><\/div>\n<div><\/div>\n<div>Le GR<sup><span style=\"font-size: small;\">\u00ae<\/span><\/sup> 34 \u00e9lu \u00ab\u00a0GR<sup><span style=\"font-size: small;\">\u00ae<\/span><\/sup> pr\u00e9f\u00e9r\u00e9 des Fran\u00e7ais : <a href=\"https:\/\/www.mongr.fr\/reportage\/55\/le-gr-34-elu-gr-prefere-des-francais\" target=\"_blank\" rel=\"noopener noreferrer\"><strong><span style=\"color: #0000ff;\">https:\/\/www.mongr.fr\/reportage\/55\/le-gr-34-elu-gr-prefere-des-francais<\/span><\/strong><\/a><\/div>\n<\/div>\n<div><\/div>\n<div>\n<div style=\"text-align: center;\">\u00a0 CLRP\u00a0:\u00a0Article paru dans le Magazine Municipal de Livry-Gargan<\/div>\n<div style=\"text-align: center;\">Mai 2016\u00a0:\u00a0<strong><span style=\"color: #0000ff;\"><a style=\"color: #0000ff;\" href=\"https:\/\/www.clrp93.fr\/wp-content\/uploads\/2016\/05\/2016_05_LG-Magazine-2.pdf\"><span style=\"text-decoration: underline;\">Livry-Gargan Magazine Municipal<\/span><\/a><\/span><\/strong><\/div>\n<\/div>\n<div>\n<p style=\"text-align: center;\"><strong>_____________________________________________________________________<\/strong><\/p>\n<\/div>\n<div>\n<h2 style=\"text-align: center;\"><strong>\u00ab\u00a0Le Point Rendez-vous : Espace Jules VERNE \/ Ancienne Piscine\u00a0\u00bb <\/strong><\/h2>\n<p style=\"text-align: center;\"><strong><span style=\"color: #0000ff; text-decoration: underline;\">Cliquer sur l\u2019image\u00a0ci-dessous<\/span><\/strong><\/p>\n<p style=\"text-align: center;\"><a href=\"https:\/\/www.google.de\/maps\/@48.921312,2.535648,3a,75y,333.95h,100.16t\/data=!3m4!1e1!3m2!1st2rhlrUBRWMiBhCVLpThFQ!2e0!6m1!1e1\"><img loading=\"lazy\" decoding=\"async\" class=\"aligncenter wp-image-5021\" src=\"https:\/\/www.clrp93.fr\/wp-content\/uploads\/2020\/03\/AnciennePiscine.png\" alt=\"\" width=\"255\" height=\"255\" srcset=\"https:\/\/www.clrp93.fr\/wp-content\/uploads\/2020\/03\/AnciennePiscine.png 444w, https:\/\/www.clrp93.fr\/wp-content\/uploads\/2020\/03\/AnciennePiscine-300x300.png 300w, https:\/\/www.clrp93.fr\/wp-content\/uploads\/2020\/03\/AnciennePiscine-150x150.png 150w\" sizes=\"auto, (max-width: 255px) 100vw, 255px\" \/><\/a><\/p>\n<p style=\"text-align: center;\">SI VOUS\u00a0SOUHAITEZ VOUS RENDRE\u00a0DIRECTEMENT SUR LE LIEU\u00a0DE LA RANDONN\u00c9E,\u00a0VEUILLEZ EN INFORMER L\u2019ANIMATEUR IMP\u00c9RATIVEMENT.<\/p>\n<p style=\"text-align: center;\"><strong>Vous \u00eates dans un groupe, respectez les r\u00e8gles de s\u00e9curit\u00e9 pour vous et pour les autres, les recommandations de vos animateurs, l\u2019environnement\u2026 \u00a0Ayez de bonnes chaussures de marche\u00a0\u00e0 vos pieds, et une paire l\u00e9g\u00e8re pour le retour en voiture.<\/strong><\/p>\n<p style=\"text-align: center;\"><strong style=\"color: #000000;\">_____________________________________________________________________<\/strong><\/p>\n<\/div>\n<div>\n<p style=\"text-align: center;\"><span style=\"color: #000080;\"><strong>Comit\u00e9 D\u00e9partemental de la Randonn\u00e9e P\u00e9destre de Paris \u00a0&#8211; <a href=\"https:\/\/www.rando-paris.org\/clubs-affili\u00e9s\/\"><span style=\"color: #0000ff;\">CDRP75<\/span><\/a><\/strong><\/span><\/p>\n<p style=\"text-align: center;\"><img loading=\"lazy\" decoding=\"async\" class=\"aligncenter  wp-image-5686\" src=\"https:\/\/www.clrp93.fr\/wp-content\/uploads\/2026\/01\/CDRP75.png\" alt=\"\" width=\"177\" height=\"71\" \/><br \/>\n<span style=\"color: #0000ff;\"><strong><span style=\"color: #000080;\">Comit\u00e9 D\u00e9partemental de Randonn\u00e9e P\u00e9destre 93<\/span> :<\/strong>\u00a0<strong><a style=\"color: #0000ff;\" title=\"CDRP93\" href=\"http:\/\/www.randopedestre93.fr\/\" target=\"_blank\" rel=\"noopener noreferrer\"><span style=\"color: #0000ff;\">CDRP93<\/span><\/a><\/strong><\/span><\/p>\n<p style=\"text-align: center;\"><a href=\"https:\/\/www.clrp93.fr\/wp-content\/uploads\/2018\/01\/2018_Bandeau-de-la-F\u00e9d\u00e9ration-de-Seine-Saint-Denis.png\"><img loading=\"lazy\" decoding=\"async\" class=\" wp-image-4633 aligncenter\" src=\"https:\/\/www.clrp93.fr\/wp-content\/uploads\/2018\/01\/2018_Bandeau-de-la-F\u00e9d\u00e9ration-de-Seine-Saint-Denis-300x109.png\" alt=\"Bandeau de la F\u00e9d\u00e9ration de Seine-Saint-Denis\" width=\"183\" height=\"72\" \/><\/a><strong>Rosanna\u00a0Secr\u00e9taire CDRP93\u00a0T\u00e9l. :<\/strong><span style=\"display: inline !important; float: none; background-color: transparent; color: #333333; cursor: text; font-family: 'Helvetica Neue',Helvetica,Arial,'Nimbus Sans L',sans-serif; font-size: 15px; font-style: normal; font-variant: normal; font-weight: 300; letter-spacing: normal; orphans: 2; text-align: left; text-decoration: none; text-indent: 0px; text-transform: none; -webkit-text-stroke-width: 0px; white-space: normal; word-spacing: 0px;\"> 01 48 54 00 19<\/span><\/p>\n<p style=\"text-align: center;\"><strong><span style=\"color: #000080;\">Messagerie :<\/span><\/strong>\u00a0<strong><span style=\"color: #0000ff;\"><a style=\"color: #0000ff;\" href=\"mailto:contact@randopedestre93.fr\">contact@randopedestre93.fr<\/a><\/span><\/strong><\/p>\n<\/div>\n<div>\n<p style=\"text-align: center;\"><strong>_____________________________________________________________________<\/strong><\/p>\n<\/div>\n<p style=\"text-align: center;\"><strong>Le balisage des chemins pour les nuls<\/strong><\/p>\n<div id=\"attachment_3183\" class=\"wp-caption aligncenter\" style=\"width: 487px;\">\n<p><a href=\"https:\/\/www.clrp93.fr\/wp-content\/uploads\/2015\/08\/2015_09_16_Conventions-de-balisage.jpg\"><img loading=\"lazy\" decoding=\"async\" class=\" wp-image-3183\" src=\"https:\/\/www.clrp93.fr\/wp-content\/uploads\/2015\/08\/2015_09_16_Conventions-de-balisage.jpg\" alt=\"Conventions de balisage\" width=\"477\" height=\"370\" \/><\/a>\u00a0 \u00a0 \u00a0 \u00a0 \u00a0 \u00a0 \u00a0 \u00a0 \u00a0 \u00a0 \u00a0 \u00a0 \u00a0 \u00a0 \u00a0 \u00a0 \u00a0 \u00a0 Les Conventions de balisage<\/p>\n<\/div>\n<p style=\"text-align: center;\"><b>_____________________________________________________________________<\/b><\/p>\n<p style=\"text-align: center;\"><span style=\"margin: 0px; color: #333333; line-height: 107%; font-family: 'Helvetica',sans-serif; font-size: 11.5pt;\"><span style=\"font-size: medium;\"><b>Club Livryen de Randonn\u00e9e P\u00e9destre :<\/b> \u00ab\u00a0<strong><span style=\"text-decoration: underline;\"><span style=\"color: #0000ff; text-decoration: underline;\"><a style=\"color: #0000ff; text-decoration: underline;\" href=\"https:\/\/www.clrp93.fr\/wp-content\/uploads\/2015\/08\/2015_LES-V%C3%8ATEMENTS-DU-CLUB.pdf\" target=\"_blank\" rel=\"noopener noreferrer\">Les v\u00eatements sigl\u00e9s CLRP<\/a><\/span><\/span>\u00a0\u00bb<\/strong><\/span><\/span><\/p>\n<p><strong>\u00a0 \u00a0 \u00a0 \u00a0 \u00a0 \u00a0 \u00a0 \u00a0 \u00a0 Voir aussi la boutique de la randonn\u00e9e : <a href=\"https:\/\/boutique.ffrandonnee.fr\/\" target=\"_blank\" rel=\"noopener noreferrer\"><span style=\"color: #0000ff;\">La boutique de la randonn\u00e9e<\/span><\/a><\/strong><\/p>\n<p style=\"text-align: center;\"><strong>_____________________________________________________________________<\/strong><\/p>\n<h1 style=\"text-align: center;\">Mesurer\u00a0la distance entre 2 villes<\/h1>\n<h1 style=\"text-align: center;\">Saisir dans votre navigateur : <span style=\"color: #0000ff;\">distance ville1 ville2<\/span><\/h1>\n<p style=\"text-align: left;\">\u00a0 \u00a0 \u00a0 \u00a0 \u00a0 \u00a0 \u00a0 \u00a0 \u00a0 \u00a0 \u00a0 \u00a0 \u00a0 \u00a0 \u00a0 \u00a0Exemple :\u00a0<span style=\"color: #0000ff;\"><strong>distance<\/strong> livry-gargan montceau les mines<\/span><\/p>\n<div class=\"j-module n j-spacing \" style=\"text-align: center;\"><strong>_____________________________________________________________________<\/strong><\/div>\n<p><a href=\"http:\/\/www.ffrandonnee.fr\/\"><img loading=\"lazy\" decoding=\"async\" class=\"aligncenter  wp-image-5688\" src=\"https:\/\/www.clrp93.fr\/wp-content\/uploads\/2026\/01\/FFR-1.png\" alt=\"\" width=\"352\" height=\"112\" \/><\/a><\/p>\n<p style=\"text-align: center;\">Le site de\u00a0la F\u00e9d\u00e9ration Fran\u00e7aise de Randonn\u00e9e:\u00a0\u00ab\u00a0<span style=\"text-decoration: underline;\"><span style=\"color: #0000ff; text-decoration: underline;\"><strong><a style=\"color: #0000ff; text-decoration: underline;\" title=\"Nouvelles\" href=\"http:\/\/www.ffrandonnee.fr\/\" target=\"_blank\" rel=\"noopener noreferrer\">http:\/\/www.ffrandonnee.fr<\/a><\/strong><\/span><\/span><strong>\u00a0<\/strong>\u00bb<\/p>\n<p style=\"text-align: center;\">Boutique de la\u00a0F\u00e9d\u00e9ration Fran\u00e7aise de Randonn\u00e9e :\u00a0\u00ab\u00a0<span style=\"text-decoration: underline;\"><span style=\"color: #0000ff; text-decoration: underline;\"><strong><a style=\"color: #0000ff; text-decoration: underline;\" title=\"Nouvelles\" href=\"http:\/\/www.ffrandonnee.fr\/boutique\/accessoires-de-randonnee.aspx\" target=\"_blank\" rel=\"noopener noreferrer\">La boutique<\/a><\/strong><\/span><\/span><strong>\u00a0<\/strong>\u00bb<\/p>\n<p style=\"text-align: center;\"><strong>_____________________________________________________________________<\/strong><\/p>\n<div style=\"text-align: center;\">\u00a0<strong><span style=\"text-decoration: underline;\">Des informations\u00a0sur notre d\u00e9partement, la\u00a0Seine-Saint-Denis<\/span><\/strong><\/div>\n<div><\/div>\n<div style=\"text-align: center;\"><strong>Suivre le lien :\u00a0<\/strong><span style=\"text-decoration: underline; color: #0000ff;\"><a style=\"color: #0000ff; text-decoration: underline;\" href=\"http:\/\/www.scoop.it\/t\/attractivite-du-territoire-du-nord-est-parisien\" target=\"_blank\" rel=\"noopener noreferrer\">http:\/\/www.scoop.it\/t\/attractivite-du-territoire-du-nord-est-parisien<\/a><\/span><\/div>\n<div><\/div>\n<p style=\"text-align: center;\"><strong>\u00a0Mai 2016\u00a0:<\/strong>\u00a0<span style=\"text-decoration: underline;\"><span style=\"color: #0000ff; text-decoration: underline;\"><strong><a style=\"color: #0000ff; text-decoration: underline;\" href=\"https:\/\/www.clrp93.fr\/wp-content\/uploads\/2016\/05\/2016_05_LG-Magazine-2.pdf\" target=\"_blank\" rel=\"noopener noreferrer\">Livry-Gargan : Le CLRP dans le Magazine Municipal<\/a><\/strong><\/span><\/span><\/p>\n<p style=\"text-align: center;\"><strong>_____________________________________________________________________<\/strong><\/p>\n<p style=\"text-align: center;\"><u>Quelques Adresses\u00a0d&rsquo;information sur les activit\u00e9s de loisir Grand Public :<\/u><\/p>\n<p><strong>\u00a0 \u00a0 \u00a0 \u00a0 \u00a0 \u00a0 \u00a0 \u00a0&#8211; <span style=\"text-decoration: underline;\"><a href=\"http:\/\/www.idfutees.com\/\" target=\"_blank\" rel=\"noopener noreferrer\"><span style=\"color: #0000ff; text-decoration: underline;\">http:\/\/www.idfutees.com\/<\/span><\/a><\/span><\/strong><\/p>\n<p><strong>\u00a0 \u00a0 \u00a0 \u00a0 \u00a0 \u00a0 \u00a0 \u00a0&#8211; <a href=\"http:\/\/www.sorties-rando.fr\/\" target=\"_blank\" rel=\"noopener noreferrer\"><span style=\"color: #0000ff;\"><u>http:\/\/www.sorties-rando.fr\/<\/u><\/span><\/a><\/strong><\/p>\n<p><strong>\u00a0 \u00a0 \u00a0 \u00a0 \u00a0 \u00a0 \u00a0 \u00a0&#8211; <a href=\"http:\/\/www.bonnesortie.fr\/\" target=\"_blank\" rel=\"noopener noreferrer\"><span style=\"color: #0000ff;\"><u>http:\/\/www.bonnesortie.fr\/<\/u><\/span><\/a><\/strong><\/p>\n<p><strong>\u00a0 \u00a0 \u00a0 \u00a0 \u00a0 \u00a0 \u00a0 \u00a0&#8211; <a href=\"http:\/\/www.ffrandonnee.fr\/actualites\/grands-rendez-vous.aspx\" target=\"_blank\" rel=\"noopener noreferrer\"><span style=\"color: #0000ff;\"><u>http:\/\/www.ffrandonnee.fr\/actualites\/grands-rendez-vous.aspx<\/u><\/span><\/a><\/strong><\/p>\n<p><strong>\u00a0 \u00a0 \u00a0 \u00a0 \u00a0 \u00a0 \u00a0 \u00a0&#8211; <a href=\"http:\/\/idf.ffrandonnee.fr\/138\/randos\/Programmes-de-randonnees.aspx\" target=\"_blank\" rel=\"noopener noreferrer\"><span style=\"text-decoration: underline; color: #0000ff;\">http:\/\/idf.ffrandonnee.fr\/138\/randos\/Programmes-de-randonnees.aspx<\/span><\/a><\/strong><\/p>\n<p><strong>\u00a0 \u00a0 \u00a0 \u00a0 \u00a0 \u00a0 \u00a0 \u00a0&#8211; <a href=\"http:\/\/quefaire.paris.fr\/\" target=\"_blank\" rel=\"noopener noreferrer\"><span style=\"color: #0000ff;\"><u>http:\/\/quefaire.paris.fr\/<\/u><\/span><\/a><\/strong><\/p>\n<p><strong>\u00a0 \u00a0 \u00a0 \u00a0 \u00a0 \u00a0 \u00a0 \u00a0&#8211; <a href=\"http:\/\/www.yaquoila.com\/index.php\" target=\"_blank\" rel=\"noopener noreferrer\"><span style=\"color: #0000ff;\"><u>http:\/\/www.yaquoila.com\/index.php<\/u><\/span><\/a><\/strong><\/p>\n<p><strong>\u00a0 \u00a0 \u00a0 \u00a0 \u00a0 \u00a0 \u00a0 \u00a0&#8211; <a href=\"http:\/\/www.agenda-des-sorties.com\/index.php\" target=\"_blank\" rel=\"noopener noreferrer\"><span style=\"color: #0000ff;\"><u>http:\/\/www.agenda-des-sorties.com\/index.php<\/u><\/span><\/a><\/strong><\/p>\n<p><strong>\u00a0 \u00a0 \u00a0 \u00a0 \u00a0 \u00a0 \u00a0 \u00a0&#8211; <a href=\"http:\/\/www.billetreduc.com\/\" target=\"_blank\" rel=\"noopener noreferrer\"><span style=\"color: #0000ff;\"><u>http:\/\/www.billetreduc.com\/<\/u><\/span><\/a><\/strong><\/p>\n<p><strong><span style=\"color: #0000ff;\">\u00a0 \u00a0 \u00a0 \u00a0 \u00a0 \u00a0 \u00a0 \u00a0<a style=\"color: #0000ff;\" href=\"http:\/\/www.billetreduc.com\/\" target=\"_blank\" rel=\"noopener noreferrer\">&#8211; <span style=\"text-decoration: underline;\">http:\/\/www.parisinfo.com<\/span><\/a><\/span><\/strong><\/p>\n<p><strong>\u00a0 \u00a0 \u00a0 \u00a0 \u00a0 \u00a0 \u00a0 \u00a0&#8211; <a href=\"http:\/\/www.sortiraparis.com\" target=\"_blank\" rel=\"noopener noreferrer\"><span style=\"color: #0000ff;\"><u>http:\/\/www.sortiraparis.com\/ <\/u><\/span><\/a><\/strong><\/p>\n<p><strong><span style=\"color: #0000ff;\">\u00a0 \u00a0 \u00a0 \u00a0 \u00a0 \u00a0\u00a0 \u00a0 &#8211;\u00a0<u>http:\/\/www.routard.com\/guide_agenda.asp<\/u><\/span><\/strong><\/p>\n<p style=\"text-align: center;\"><strong>_____________________________________________________________________<\/strong><\/p>\n<p style=\"text-align: center;\"><strong>Formations d&rsquo;Animateur de randonn\u00e9e p\u00e9destre<\/strong><\/p>\n<p><span class=\"texte-noir\">Vous souhaitez emmener un groupe de randonneurs explorer nos chemins, devenez <a href=\"https:\/\/formation.ffrandonnee.fr\/Stages\/Index?SectorId=1&amp;TypeId=200&amp;Region=10\"><strong>animateur de randonn\u00e9e p\u00e9destre<\/strong><\/a> !\u00a0 Plusieurs niveaux de qualification vous sont propos\u00e9s afin d\u2019\u00eatre capable d\u2019<strong>organiser<\/strong>, d\u2019<strong>encadrer <\/strong>et de <strong>conduire <\/strong>des randonn\u00e9es <strong>dans le cadre associatif <\/strong>: Animateur 1er niveau, Animateur 2\u00e8me niveau (Brevet f\u00e9d\u00e9ral).<br \/>\nPar la suite vous avez \u00e9galement la possibilit\u00e9 de vous sp\u00e9cialiser (animateur marche nordique, randonn\u00e9e en milieu montagnard, en milieu enneig\u00e9, rando sant\u00e9\u2026)<\/span><\/p>\n<p style=\"text-align: center;\"><strong>_____________________________________________________________________<\/strong><\/p>\n<p style=\"text-align: center;\"><strong>\u00a0Le T\u00e9l\u00e9thon <\/strong><\/p>\n<p style=\"text-align: center;\">\u00a0<a href=\"http:\/\/www.afm-telethon.fr\/\" target=\"_blank\" rel=\"noopener noreferrer\"><strong><span style=\"text-decoration: underline;\"><span style=\"color: #0000ff; text-decoration: underline;\"> http:\/\/www.afm-telethon.fr\/<\/span><\/span><\/strong><\/a><\/p>\n<p style=\"text-align: center;\"><strong>_____________________________________________________________________<\/strong><\/p>\n<p style=\"text-align: center;\"><strong>Pensez \u00e0\u00a0recycler vos chaussures en Pots de fleurs Duflot-\u00e9colos !<a href=\"https:\/\/www.clrp93.fr\/wp-content\/uploads\/2013\/06\/2013_05_04_Pots-de-fleurs-avec-des-vieilles-chaussures-de-rando.jpg\">\u00a0\u2026<\/a><\/strong><\/p>\n<p style=\"text-align: center;\"><img decoding=\"async\" src=\"https:\/\/www.clrp93.fr\/wp-content\/uploads\/2014\/03\/2014_03_25_Chaussures-de-Rando-d%C3%A9tourn%C3%A9es.jpg\" alt=\"\" \/><strong>_____________________________________________________________________<\/strong><\/p>\n<div>\n<p style=\"text-align: center;\">\u00a0<strong>Lien M\u00e9t\u00e9ofrance<\/strong><strong>\u00a0:\u00a0<\/strong>Cliquer sur\u00a0l\u2019image<\/p>\n<p style=\"text-align: center;\"><a title=\"M\u00e9t\u00e9o\" href=\"http:\/\/www.meteofrance.com\/previsions-meteo-france\/livry-gargan\/93190\" target=\"_blank\" rel=\"noopener noreferrer\"><img loading=\"lazy\" decoding=\"async\" class=\"aligncenter\" src=\"http:\/\/www.gralon.net\/meteo-france\/carte-france.jpg\" alt=\"\" width=\"158\" height=\"162\" \/><\/a><\/p>\n<p style=\"text-align: center;\">Covoiturage :\u00a0<a href=\"http:\/\/ladistance.fr\/\" target=\"_blank\" rel=\"noopener noreferrer\"><strong><span style=\"text-decoration: underline;\"><span style=\"color: #0000ff; text-decoration: underline;\">http:\/\/ladistance.fr\/<\/span><\/span><\/strong><\/a><\/p>\n<p style=\"text-align: center;\"><a href=\"https:\/\/www.msn.com\/fr-fr\/actualite\/videos\/au-canada-la-plus-grande-randonn\u00e9e-au-monde\/vi-BBJX6xo?refvid=BBJWVGM&amp;ocid=spartanntp\" target=\"_blank\" rel=\"noopener noreferrer\"><b><span style=\"color: #0000ff;\">CANADA : La plus grande randonn\u00e9e du Monde<\/span><\/b><\/a><\/p>\n<p style=\"text-align: center;\"><strong>_____________________________________________________________________<\/strong><\/p>\n<div style=\"text-align: center;\">Anne Raynal Secr\u00e9taire CDRP93 Tel : 06 35 19 61 56<br \/>\nMail :\u00a0<strong><span style=\"color: #0000ff;\"><a style=\"color: #0000ff;\" href=\"mailto:contact@randopedestre93.fr\">contact@randopedestre93.fr<\/a><\/span><\/strong><\/div>\n<div style=\"text-align: center;\">\n<p><strong>_____________________________________________________________________<\/strong><\/p>\n<\/div>\n<\/div>\n<div>\n<div align=\"center\">\n<p>&nbsp;<\/p>\n<\/div>\n<\/div>\n","protected":false},"excerpt":{"rendered":"<p>Bienvenue sur le Site du Club Livryen de Randonn\u00e9e P\u00e9destre\u00a0 de \u00a0\u00a0Livry-Gargan N\u00b0 2011 CLRP, 213 bis Bd \u00c9douard Vaillant 93190 Livry-Gargan Suivre le lien pour une br\u00e8ve pr\u00e9sentation du : \u00ab\u00a0CLRP93\u00a0\u00bb Vade-mecum :\u00a0Pour bien randonner Association : http:\/\/www.sorties-rando.fr\/ Le &hellip; <a href=\"https:\/\/www.clrp93.fr\/?page_id=3736\">Continuer la lecture <span class=\"meta-nav\">&rarr;<\/span><\/a><\/p>\n","protected":false},"author":1,"featured_media":0,"parent":0,"menu_order":0,"comment_status":"open","ping_status":"closed","template":"sidebar-page.php","meta":{"footnotes":""},"class_list":["post-3736","page","type-page","status-publish","hentry"],"_links":{"self":[{"href":"https:\/\/www.clrp93.fr\/index.php?rest_route=\/wp\/v2\/pages\/3736","targetHints":{"allow":["GET"]}}],"collection":[{"href":"https:\/\/www.clrp93.fr\/index.php?rest_route=\/wp\/v2\/pages"}],"about":[{"href":"https:\/\/www.clrp93.fr\/index.php?rest_route=\/wp\/v2\/types\/page"}],"author":[{"embeddable":true,"href":"https:\/\/www.clrp93.fr\/index.php?rest_route=\/wp\/v2\/users\/1"}],"replies":[{"embeddable":true,"href":"https:\/\/www.clrp93.fr\/index.php?rest_route=%2Fwp%2Fv2%2Fcomments&post=3736"}],"version-history":[{"count":626,"href":"https:\/\/www.clrp93.fr\/index.php?rest_route=\/wp\/v2\/pages\/3736\/revisions"}],"predecessor-version":[{"id":5689,"href":"https:\/\/www.clrp93.fr\/index.php?rest_route=\/wp\/v2\/pages\/3736\/revisions\/5689"}],"wp:attachment":[{"href":"https:\/\/www.clrp93.fr\/index.php?rest_route=%2Fwp%2Fv2%2Fmedia&parent=3736"}],"curies":[{"name":"wp","href":"https:\/\/api.w.org\/{rel}","templated":true}]}}