{"id":54,"date":"2013-02-07T17:42:19","date_gmt":"2013-02-07T16:42:19","guid":{"rendered":"http:\/\/www.clrp93.fr\/?page_id=54"},"modified":"2025-08-03T16:30:52","modified_gmt":"2025-08-03T15:30:52","slug":"les-randos-a-theme","status":"publish","type":"page","link":"https:\/\/www.clrp93.fr\/?page_id=54","title":{"rendered":"Randos \u00ab D\u00e9couverte et Patrimoine \u00bb"},"content":{"rendered":"<p style=\"text-align: center;\" align=\"left\"><strong>RANDOS \u00ab D\u00c9COUVERTE et PATRIMOINE \u00bb du Comit\u00e9 D\u00e9partemental<br \/><\/strong><\/p>\r\n<p>T\u00e9l\u00e9chargez et trouvez les informations avec <a href=\"https:\/\/www.clrp93.fr\/a_telecharger\/DecouvertePatrimoine.pdf\">le programme du troisi\u00e8me trimestre 2025<\/a>.<\/p>\r\n<p style=\"text-align: center;\">Veuillez vous inscrire directement<br \/>aupr\u00e8s de l&rsquo;organisateur<\/p>\r\n<p>&nbsp;<\/p>\r\n","protected":false},"excerpt":{"rendered":"<p>RANDOS \u00ab D\u00c9COUVERTE et PATRIMOINE \u00bb du Comit\u00e9 D\u00e9partemental T\u00e9l\u00e9chargez et trouvez les informations avec le programme du troisi\u00e8me trimestre 2025. Veuillez vous inscrire directementaupr\u00e8s de l&rsquo;organisateur &nbsp;<\/p>\n","protected":false},"author":1,"featured_media":0,"parent":56,"menu_order":3,"comment_status":"closed","ping_status":"closed","template":"sidebar-page.php","meta":{"footnotes":""},"class_list":["post-54","page","type-page","status-publish","hentry"],"_links":{"self":[{"href":"https:\/\/www.clrp93.fr\/index.php?rest_route=\/wp\/v2\/pages\/54","targetHints":{"allow":["GET"]}}],"collection":[{"href":"https:\/\/www.clrp93.fr\/index.php?rest_route=\/wp\/v2\/pages"}],"about":[{"href":"https:\/\/www.clrp93.fr\/index.php?rest_route=\/wp\/v2\/types\/page"}],"author":[{"embeddable":true,"href":"https:\/\/www.clrp93.fr\/index.php?rest_route=\/wp\/v2\/users\/1"}],"replies":[{"embeddable":true,"href":"https:\/\/www.clrp93.fr\/index.php?rest_route=%2Fwp%2Fv2%2Fcomments&post=54"}],"version-history":[{"count":90,"href":"https:\/\/www.clrp93.fr\/index.php?rest_route=\/wp\/v2\/pages\/54\/revisions"}],"predecessor-version":[{"id":5637,"href":"https:\/\/www.clrp93.fr\/index.php?rest_route=\/wp\/v2\/pages\/54\/revisions\/5637"}],"up":[{"embeddable":true,"href":"https:\/\/www.clrp93.fr\/index.php?rest_route=\/wp\/v2\/pages\/56"}],"wp:attachment":[{"href":"https:\/\/www.clrp93.fr\/index.php?rest_route=%2Fwp%2Fv2%2Fmedia&parent=54"}],"curies":[{"name":"wp","href":"https:\/\/api.w.org\/{rel}","templated":true}]}}